{"id":105,"date":"2018-06-15T22:35:11","date_gmt":"2018-06-15T20:35:11","guid":{"rendered":"https:\/\/astronomic-run.fr\/?page_id=105"},"modified":"2022-09-13T11:16:52","modified_gmt":"2022-09-13T09:16:52","slug":"resultats","status":"publish","type":"page","link":"https:\/\/astronomic-run.fr\/index.php\/resultats\/","title":{"rendered":"R\u00e9sultats 2021"},"content":{"rendered":"<p>Les r\u00e9sultats sont disponibles \u00e0 l&rsquo;adresse :\u00a0<a href=\"http:\/\/ultratiming.be\/astronomic-run-beine-nauroy\/\" target=\"_blank\" rel=\"noopener\">http:\/\/ultratiming.be\/astronomic-run-beine-nauroy\/<\/a><\/p>\n<p><a href=\"https:\/\/astronomic-run.fr\/wp-content\/uploads\/2018\/09\/Classement-2018-8KM.pdf\" target=\"_blank\" rel=\"noopener\">Classement-2018-8KM<\/a><\/p>\n<p><a href=\"https:\/\/astronomic-run.fr\/wp-content\/uploads\/2018\/09\/Classement-2018-Benjamins-minimes.pdf\" target=\"_blank\" rel=\"noopener\">Classement-2018-Benjamins-minimes<\/a><\/p>\n<p><a href=\"https:\/\/astronomic-run.fr\/wp-content\/uploads\/2018\/09\/Classement-2018-Poussins.pdf\" target=\"_blank\" rel=\"noopener\">Classement-2018-Poussins<\/a><\/p>\n<p>F\u00e9licitations \u00e0 toutes et tous !<\/p>\n<p>&nbsp;<\/p>\n","protected":false},"excerpt":{"rendered":"<p>Les r\u00e9sultats sont disponibles \u00e0 l&rsquo;adresse :\u00a0http:\/\/ultratiming.be\/astronomic-run-beine-nauroy\/ Classement-2018-8KM Classement-2018-Benjamins-minimes Classement-2018-Poussins F\u00e9licitations \u00e0 toutes et tous ! &nbsp;<\/p>\n","protected":false},"author":1,"featured_media":0,"parent":0,"menu_order":0,"comment_status":"closed","ping_status":"closed","template":"","meta":{"footnotes":""},"class_list":["post-105","page","type-page","status-publish","hentry"],"_links":{"self":[{"href":"https:\/\/astronomic-run.fr\/index.php\/wp-json\/wp\/v2\/pages\/105","targetHints":{"allow":["GET"]}}],"collection":[{"href":"https:\/\/astronomic-run.fr\/index.php\/wp-json\/wp\/v2\/pages"}],"about":[{"href":"https:\/\/astronomic-run.fr\/index.php\/wp-json\/wp\/v2\/types\/page"}],"author":[{"embeddable":true,"href":"https:\/\/astronomic-run.fr\/index.php\/wp-json\/wp\/v2\/users\/1"}],"replies":[{"embeddable":true,"href":"https:\/\/astronomic-run.fr\/index.php\/wp-json\/wp\/v2\/comments?post=105"}],"version-history":[{"count":7,"href":"https:\/\/astronomic-run.fr\/index.php\/wp-json\/wp\/v2\/pages\/105\/revisions"}],"predecessor-version":[{"id":11786,"href":"https:\/\/astronomic-run.fr\/index.php\/wp-json\/wp\/v2\/pages\/105\/revisions\/11786"}],"wp:attachment":[{"href":"https:\/\/astronomic-run.fr\/index.php\/wp-json\/wp\/v2\/media?parent=105"}],"curies":[{"name":"wp","href":"https:\/\/api.w.org\/{rel}","templated":true}]}}